{"id":5,"date":"2020-01-13T11:17:52","date_gmt":"2020-01-13T11:17:52","guid":{"rendered":"https:\/\/demosites.io\/marketing-agency-gb\/?page_id=5"},"modified":"2025-02-14T22:00:39","modified_gmt":"2025-02-14T20:00:39","slug":"bcd31-home","status":"publish","type":"page","link":"https:\/\/kbostermelo.hu\/","title":{"rendered":"Kezd\u0151lap"},"content":{"rendered":"\n<section id=\"wp-block-themeisle-blocks-advanced-columns-9ac3ae90\" class=\"wp-block-themeisle-blocks-advanced-columns alignfull has-2-columns has-desktop-equal-layout has-tablet-equal-layout has-mobile-collapsedRows-layout has-vertical-center\"><div class=\"wp-block-themeisle-blocks-advanced-columns-overlay\"><\/div><div class=\"innerblocks-wrap\">\n<div id=\"wp-block-themeisle-blocks-advanced-column-9bb4678f\" class=\"wp-block-themeisle-blocks-advanced-column\">\n<figure class=\"wp-block-image size-full is-style-rounded is-style-rounded--1\"><img loading=\"lazy\" decoding=\"async\" width=\"640\" height=\"640\" src=\"https:\/\/kbostermelo.hu\/wp-content\/uploads\/2025\/02\/6bbd46f0-0f5f-4185-b98c-32b2a4a1293d.png\" alt=\"\" class=\"wp-image-1058\" srcset=\"https:\/\/kbostermelo.hu\/wp-content\/uploads\/2025\/02\/6bbd46f0-0f5f-4185-b98c-32b2a4a1293d.png 640w, https:\/\/kbostermelo.hu\/wp-content\/uploads\/2025\/02\/6bbd46f0-0f5f-4185-b98c-32b2a4a1293d-300x300.png 300w, https:\/\/kbostermelo.hu\/wp-content\/uploads\/2025\/02\/6bbd46f0-0f5f-4185-b98c-32b2a4a1293d-150x150.png 150w\" sizes=\"auto, (max-width: 640px) 100vw, 640px\" \/><\/figure>\n<\/div>\n\n\n\n<div id=\"wp-block-themeisle-blocks-advanced-column-6dcd8921\" class=\"wp-block-themeisle-blocks-advanced-column\">\n<h2 class=\"wp-block-heading has-text-align-left has-text-color has-link-color wp-elements-68fee33b9a0245e028319c8f5ced04de\" style=\"color:#080808\">L\u00e9gy tagja k\u00f6z\u00f6ss\u00e9gi kert\u00fcnknek!<\/h2>\n\n\n\n<p>R\u00e1ckevei kert\u00fcnkben szenved\u00e9lyesen foglalkozunk vegyszermentes, organikus gazd\u00e1lkod\u00e1ssal. C\u00e9lunk, hogy k\u00f6zvetlen kapcsolatot \u00e9p\u00edts\u00fcnk tagjainkkal CSA rendszerben \u00e9s friss, eg\u00e9szs\u00e9ges \u00e9lelmiszereket k\u00edn\u00e1ljunk a nekik a teljes szezonra.<br><\/p>\n<\/div>\n<\/div><\/section>\n\n\n\n<section id=\"wp-block-themeisle-blocks-advanced-columns-7ac50720\" class=\"wp-block-themeisle-blocks-advanced-columns alignfull has-1-columns has-desktop-equal-layout has-tablet-equal-layout has-mobile-equal-layout has-vertical-flex-start\"><div class=\"wp-block-themeisle-blocks-advanced-columns-overlay\"><\/div><div class=\"innerblocks-wrap\">\n<div id=\"wp-block-themeisle-blocks-advanced-column-3e4711d9\" class=\"wp-block-themeisle-blocks-advanced-column\">\n<section id=\"wp-block-themeisle-blocks-advanced-columns-36b86197\" class=\"wp-block-themeisle-blocks-advanced-columns has-2-columns has-desktop-equal-layout has-tablet-equal-layout has-mobile-collapsedRows-layout has-vertical-flex-start\"><div class=\"wp-block-themeisle-blocks-advanced-columns-overlay\"><\/div><div class=\"innerblocks-wrap\">\n<div id=\"wp-block-themeisle-blocks-advanced-column-fadb8deb\" class=\"wp-block-themeisle-blocks-advanced-column\">\n<div id=\"wp-block-themeisle-blocks-font-awesome-icons-cda64ead\" class=\"wp-block-themeisle-blocks-font-awesome-icons\"><span class=\"wp-block-themeisle-blocks-font-awesome-icons-container\"><i class=\"fas fa-leaf\"><\/i><\/span><\/div>\n\n\n\n<h3 class=\"wp-block-heading has-text-align-center has-text-color has-link-color wp-elements-6aa9b85ea711e5b9dfe3d4c6452afa9e\" style=\"color:#080808\"> Friss, helyi, szezon\u00e1lis<\/h3>\n\n\n\n<p class=\"has-text-align-center has-text-color has-link-color wp-elements-f87e4162974d26616a4e8a2190c00435\" style=\"color:#080808\">A k\u00f6zvetlen\u00fcl a kertb\u0151l \u00e9rkez\u0151 term\u00e9nyek frissess\u00e9g\u00e9t Mi garant\u00e1ljuk, a t\u00e1panyagban gazdag szezon\u00e1lis v\u00e1laszt\u00e9k pedig a gazdag \u00edzvil\u00e1got.<\/p>\n\n\n\n<div class=\"wp-block-buttons is-content-justification-center is-layout-flex wp-container-core-buttons-is-layout-a89b3969 wp-block-buttons-is-layout-flex\">\n<div class=\"wp-block-button is-style-primary\"><a class=\"wp-block-button__link has-text-color has-background has-link-color wp-element-button\" href=\"https:\/\/kbostermelo.hu\/?page_id=991\" style=\"border-radius:22px;color:#080808;background-color:#f0a733\">K\u00edn\u00e1latunk<\/a><\/div>\n<\/div>\n<\/div>\n\n\n\n<div id=\"wp-block-themeisle-blocks-advanced-column-2483c083\" class=\"wp-block-themeisle-blocks-advanced-column\">\n<div id=\"wp-block-themeisle-blocks-font-awesome-icons-28ca0f9c\" class=\"wp-block-themeisle-blocks-font-awesome-icons\"><span class=\"wp-block-themeisle-blocks-font-awesome-icons-container\"><svg xmlns=\"http:\/\/www.w3.org\/2000\/svg\" viewBox=\"0 0 1800 1800\"><path d=\"M1764.199,1597.184h-323.761V853.397h154.119c17.438,0,31.572-14.134,31.572-31.572V712.784h141.549 c0.04,0,0.058,0,0.089,0c17.438,0,31.571-14.134,31.571-31.571c0-11.04-5.664-20.757-14.244-26.399L918.838,8.395 c-11.205-8.355-26.562-8.355-37.767,0L13.352,655.908C2.451,664.046-2.016,678.25,2.271,691.16 c4.285,12.91,16.362,21.624,29.964,21.624h141.549v109.042c0,17.438,14.135,31.572,31.572,31.572h154.115v743.786H35.719 c-17.438,0-31.572,14.13-31.572,31.572v137.545c0,17.434,14.134,31.572,31.572,31.572h1728.48 c17.438,0,31.572-14.139,31.572-31.572v-137.545C1795.771,1611.313,1781.637,1597.184,1764.199,1597.184z M899.953,73.094 l772.627,576.547H127.333L899.953,73.094z M1302.901,1596.117V867.153h74.394v728.964H1302.901z M1239.758,1597.184H1000.3 V853.397h239.458V1597.184z M862.753,867.153h74.403v728.964h-74.403V867.153z M236.927,715.852h1326.059v74.402H236.927V715.852z M497.016,867.153v728.964h-74.402V867.153H497.016z M560.16,853.397h239.449v743.786H560.16V853.397z M1732.628,1734.729H67.29 v-74.401h1665.338V1734.729z\"><\/path><path d=\"M899.998,568.438c-83.726,0-151.843-68.116-151.843-151.845s68.117-151.845,151.843-151.845 c83.733,0,151.849,68.116,151.849,151.845S983.73,568.438,899.998,568.438z M899.998,327.893 c-48.908,0-88.699,39.791-88.699,88.701s39.791,88.701,88.699,88.701c48.915,0,88.706-39.791,88.706-88.701 S948.912,327.893,899.998,327.893z\"><\/path><\/svg><\/span><\/div>\n\n\n\n<h3 class=\"wp-block-heading has-text-align-center has-text-color has-link-color wp-elements-17be0c3691f54197b8a6e9ae22b811a1\" style=\"color:#080808\">Organikus<br>Vegyszermentes<\/h3>\n\n\n\n<p class=\"has-text-align-center has-text-color has-link-color wp-elements-e3c6bb4d44f8b1ab0b38fd8f86c47e42\" style=\"color:#080808\">K\u00e9miai szerek n\u00e9lk\u00fcli, a term\u00e9szettel egy\u00fctt \u00e9l\u0151 gazd\u00e1lkod\u00e1ssal t\u00e1mogatjuk az eg\u00e9szs\u00e9gtudatos \u00e9tkez\u00e9st \u00e9s a k\u00f6rnyezet v\u00e9delm\u00e9t.<\/p>\n\n\n\n<div class=\"wp-block-buttons is-content-justification-center is-layout-flex wp-container-core-buttons-is-layout-a89b3969 wp-block-buttons-is-layout-flex\">\n<div class=\"wp-block-button is-style-primary\"><a class=\"wp-block-button__link has-text-color has-background has-link-color wp-element-button\" href=\"https:\/\/kbostermelo.hu\/?page_id=61\" style=\"border-radius:22px;color:#080808;background-color:#f0a733\">Filoz\u00f3fi\u00e1nk<\/a><\/div>\n<\/div>\n<\/div>\n<\/div><\/section>\n<\/div>\n<\/div><\/section>\n\n\n\n<section id=\"wp-block-themeisle-blocks-advanced-columns-a5663609\" class=\"wp-block-themeisle-blocks-advanced-columns alignfull has-1-columns has-desktop-equal-layout has-tablet-equal-layout has-mobile-equal-layout has-vertical-flex-start\"><div class=\"wp-block-themeisle-blocks-advanced-columns-overlay\"><\/div><div class=\"innerblocks-wrap\">\n<div id=\"wp-block-themeisle-blocks-advanced-column-4c4fd106\" class=\"wp-block-themeisle-blocks-advanced-column\">\n<section id=\"wp-block-themeisle-blocks-advanced-columns-0eb219a1\" class=\"wp-block-themeisle-blocks-advanced-columns has-2-columns has-desktop-equal-layout has-tablet-equal-layout has-mobile-collapsedRows-layout has-vertical-flex-start\"><div class=\"wp-block-themeisle-blocks-advanced-columns-overlay\"><\/div><div class=\"innerblocks-wrap\">\n<div id=\"wp-block-themeisle-blocks-advanced-column-dce98669\" class=\"wp-block-themeisle-blocks-advanced-column\">\n<div id=\"wp-block-themeisle-blocks-font-awesome-icons-502de6ef\" class=\"wp-block-themeisle-blocks-font-awesome-icons\"><span class=\"wp-block-themeisle-blocks-font-awesome-icons-container\"><svg xmlns=\"http:\/\/www.w3.org\/2000\/svg\" viewBox=\"0 0 1800 1800\"><path d=\"M1709.277,268.688h-515.642c1.962-7.174,3.1-14.691,3.1-22.48v-74.93c0-47.103-38.321-85.424-85.424-85.424 H688.688c-47.103,0-85.423,38.321-85.423,85.424v74.93c0,7.789,1.137,15.306,3.1,22.48H90.723 c-47.103,0-85.424,38.321-85.424,85.424v659.412c0,47.103,38.321,85.424,85.424,85.424h43.563c-1.962,7.179-3.1,14.691-3.1,22.48 v507.295c0,47.103,38.321,85.424,85.424,85.424H1583.39c47.103,0,85.424-38.321,85.424-85.424v-507.295 c0-7.789-1.137-15.302-3.1-22.48h43.563c47.103,0,85.424-38.321,85.424-85.424V354.111 C1794.701,307.009,1756.38,268.688,1709.277,268.688z M1433.147,1036.004v62.943v54.413c0,12.395-10.085,22.479-22.479,22.479 h-47.959c-12.395,0-22.48-10.085-22.48-22.479v-54.413v-62.943v-92.919c0-12.395,10.086-22.479,22.48-22.479h47.959 c12.395,0,22.479,10.085,22.479,22.479V1036.004z M666.209,246.208v-74.93c0-12.395,10.085-22.48,22.479-22.48h422.623 c12.395,0,22.479,10.085,22.479,22.48v74.93c0,12.395-10.085,22.48-22.479,22.48H688.688 C676.294,268.688,666.209,258.602,666.209,246.208z M688.688,331.631h422.623h243.902v526.408 c-43.599,3.815-77.929,40.473-77.929,85.046v92.919H522.71v-92.919c0-44.573-34.33-81.23-77.933-85.046V331.631H688.688z M459.767,1098.947v54.413c0,12.395-10.085,22.479-22.479,22.479h-47.959c-12.395,0-22.48-10.085-22.48-22.479v-54.413v-62.943 v-92.919c0-12.395,10.085-22.479,22.48-22.479h47.959c12.395,0,22.479,10.085,22.479,22.479v92.919V1098.947z M90.723,1036.004 c-12.395,0-22.479-10.086-22.479-22.48V354.111c0-12.395,10.085-22.48,22.479-22.48h291.111v526.408 c-43.599,3.815-77.929,40.473-77.929,85.046v92.919H216.61H90.723z M1605.87,1121.428v507.295c0,12.395-10.086,22.48-22.48,22.48 H216.61c-12.395,0-22.48-10.086-22.48-22.48v-507.295c0-12.396,10.085-22.48,22.48-22.48h87.294v54.413 c0,47.103,38.321,85.424,85.424,85.424h47.959c47.102,0,85.423-38.321,85.423-85.424v-54.413h754.575v54.413 c0,47.103,38.321,85.424,85.424,85.424h47.959c47.103,0,85.423-38.321,85.423-85.424v-54.413h87.299 C1595.784,1098.947,1605.87,1109.032,1605.87,1121.428z M1731.757,1013.523c0,12.395-10.085,22.48-22.479,22.48H1583.39h-87.299 v-92.919c0-44.573-34.33-81.23-77.933-85.046V331.631h291.119c12.395,0,22.479,10.085,22.479,22.48V1013.523z\"><\/path><\/svg><\/span><\/div>\n\n\n\n<h3 class=\"wp-block-heading has-text-align-center has-text-color has-link-color wp-elements-46de7f362c37f36679f8c44c0051ab47\" style=\"color:#080808\">Mi az a CSA?<br><\/h3>\n\n\n\n<p class=\"has-text-align-center has-text-color has-link-color wp-elements-9a0a338360308975628c2f7ceef69343\" style=\"color:#080808\">Egy k\u00f6z\u00f6ss\u00e9gi t\u00e1mogat\u00e1si forma, ahol hossz\u00fa t\u00e1v\u00fa kapcsolatra \u00e9p\u00edt\u00fcnk a termel\u0151 \u00e9s a v\u00e1s\u00e1rl\u00f3k k\u00f6z\u00f6tt.<\/p>\n\n\n\n<div class=\"wp-block-buttons is-content-justification-center is-layout-flex wp-container-core-buttons-is-layout-a89b3969 wp-block-buttons-is-layout-flex\">\n<div class=\"wp-block-button is-style-primary\"><a class=\"wp-block-button__link has-text-color has-background has-link-color wp-element-button\" href=\"https:\/\/kbostermelo.hu\/?page_id=988\" style=\"border-radius:22px;color:#080808;background-color:#f0a733\">Tudj meg t\u00f6bbet<\/a><\/div>\n<\/div>\n<\/div>\n\n\n\n<div id=\"wp-block-themeisle-blocks-advanced-column-37eb5a9f\" class=\"wp-block-themeisle-blocks-advanced-column\">\n<div id=\"wp-block-themeisle-blocks-font-awesome-icons-be8590f3\" class=\"wp-block-themeisle-blocks-font-awesome-icons\"><span class=\"wp-block-themeisle-blocks-font-awesome-icons-container\"><i class=\"fas fa-carrot\"><\/i><\/span><\/div>\n\n\n\n<h3 class=\"wp-block-heading has-text-align-center has-text-color has-link-color wp-elements-a262866807741115ca96669cf6261f71\" style=\"color:#080808\">Kertb\u0151l<br>az asztalra<\/h3>\n\n\n\n<p class=\"has-text-align-center has-text-color has-link-color wp-elements-a14af9b8239b01843f29c687efbced5d\" style=\"color:#080808\">Arra t\u00f6reksz\u00fcnk, hogy a megtermelt javak a leghamarabb, a legr\u00f6videbb utat tegy\u00e9k meg a kertb\u0151l a konyha asztalig.<\/p>\n\n\n\n<div class=\"wp-block-buttons is-content-justification-center is-layout-flex wp-container-core-buttons-is-layout-a89b3969 wp-block-buttons-is-layout-flex\">\n<div class=\"wp-block-button is-style-primary\"><a class=\"wp-block-button__link has-text-color has-background has-link-color wp-element-button\" href=\"https:\/\/kbostermelo.hu\/?page_id=988\" style=\"border-radius:22px;color:#080808;background-color:#f0a733\">Csatlakozz<\/a><\/div>\n<\/div>\n<\/div>\n<\/div><\/section>\n<\/div>\n<\/div><\/section>\n","protected":false},"excerpt":{"rendered":"","protected":false},"author":1,"featured_media":1171,"parent":0,"menu_order":0,"comment_status":"closed","ping_status":"closed","template":"","meta":{"_themeisle_gutenberg_block_has_review":false,"footnotes":""},"class_list":["post-5","page","type-page","status-publish","has-post-thumbnail","hentry"],"_links":{"self":[{"href":"https:\/\/kbostermelo.hu\/index.php?rest_route=\/wp\/v2\/pages\/5","targetHints":{"allow":["GET"]}}],"collection":[{"href":"https:\/\/kbostermelo.hu\/index.php?rest_route=\/wp\/v2\/pages"}],"about":[{"href":"https:\/\/kbostermelo.hu\/index.php?rest_route=\/wp\/v2\/types\/page"}],"author":[{"embeddable":true,"href":"https:\/\/kbostermelo.hu\/index.php?rest_route=\/wp\/v2\/users\/1"}],"replies":[{"embeddable":true,"href":"https:\/\/kbostermelo.hu\/index.php?rest_route=%2Fwp%2Fv2%2Fcomments&post=5"}],"version-history":[{"count":31,"href":"https:\/\/kbostermelo.hu\/index.php?rest_route=\/wp\/v2\/pages\/5\/revisions"}],"predecessor-version":[{"id":1225,"href":"https:\/\/kbostermelo.hu\/index.php?rest_route=\/wp\/v2\/pages\/5\/revisions\/1225"}],"wp:featuredmedia":[{"embeddable":true,"href":"https:\/\/kbostermelo.hu\/index.php?rest_route=\/wp\/v2\/media\/1171"}],"wp:attachment":[{"href":"https:\/\/kbostermelo.hu\/index.php?rest_route=%2Fwp%2Fv2%2Fmedia&parent=5"}],"curies":[{"name":"wp","href":"https:\/\/api.w.org\/{rel}","templated":true}]}}